{"id":590,"date":"2023-11-05T22:59:46","date_gmt":"2023-11-05T21:59:46","guid":{"rendered":"https:\/\/kgsfv.die4ht.de\/?page_id=590"},"modified":"2023-11-08T22:58:25","modified_gmt":"2023-11-08T21:58:25","slug":"spenden","status":"publish","type":"page","link":"https:\/\/www.kgsfv.de\/?page_id=590","title":{"rendered":"Spenden"},"content":{"rendered":"\n<p>Zur Unterst\u00fctzung der Kinder in unserer Schule am Hauptstandort Holt als auch an unserem Teilstandort G\u00fcnhoven freuen wir uns \u00fcber jede Spende und finanzielle Unterst\u00fctzung.<\/p>\n\n\n\n<p>Die Spende kann \u00fcber Paypal<\/p>\n\n\n\n<figure class=\"wp-block-image size-full is-resized\"><img loading=\"lazy\" decoding=\"async\" width=\"160\" height=\"160\" src=\"https:\/\/kgsfv.die4ht.de\/wp-content\/uploads\/2023\/11\/2023_11_05_Paypal_Spenden_QR-Code.png\" alt=\"\" class=\"wp-image-594\" style=\"aspect-ratio:1;width:136px;height:auto\" srcset=\"https:\/\/www.kgsfv.de\/wp-content\/uploads\/2023\/11\/2023_11_05_Paypal_Spenden_QR-Code.png 160w, https:\/\/www.kgsfv.de\/wp-content\/uploads\/2023\/11\/2023_11_05_Paypal_Spenden_QR-Code-150x150.png 150w\" sizes=\"auto, (max-width: 160px) 100vw, 160px\" \/><figcaption class=\"wp-element-caption\">Paypal Spendenlink <a href=\"https:\/\/www.paypal.com\/donate\/?hosted_button_id=S5GDYRTQWW93N\">https:\/\/www.paypal.com\/donate\/?hosted_button_id=S5GDYRTQWW93N<\/a><\/figcaption><\/figure>\n\n\n\n<p><\/p>\n\n\n\n<p>oder direkt auf unser Spendenkonto erfolgen<\/p>\n\n\n\n<figure class=\"wp-block-image size-full is-resized\"><img loading=\"lazy\" decoding=\"async\" width=\"247\" height=\"249\" src=\"https:\/\/kgsfv.die4ht.de\/wp-content\/uploads\/2023\/11\/2023_11_05_Spende_Voba.jpg\" alt=\"\" class=\"wp-image-595\" style=\"aspect-ratio:0.9919678714859438;width:109px;height:auto\" srcset=\"https:\/\/www.kgsfv.de\/wp-content\/uploads\/2023\/11\/2023_11_05_Spende_Voba.jpg 247w, https:\/\/www.kgsfv.de\/wp-content\/uploads\/2023\/11\/2023_11_05_Spende_Voba-150x150.jpg 150w\" sizes=\"auto, (max-width: 247px) 100vw, 247px\" \/><figcaption class=\"wp-element-caption\">Scane den QR Code direkt mit deiner Banking App<br>Volksbank M\u00f6nchengladbach e.G.<br>IBAN: DE29 3106 0517 1204 2580 11 <br>BIC: GENODED1MRB <br>BLZ: 31060517<\/figcaption><\/figure>\n\n\n\n<p><\/p>\n\n\n\n<p class=\"has-text-align-center\"><span style=\"font-size: 24pt;\"><strong>Vielen Dank im Namen unserer Kinder!<\/strong><\/span><\/p>\n\n\n\n<p><\/p>\n","protected":false},"excerpt":{"rendered":"<p>Zur Unterst\u00fctzung der Kinder in unserer Schule am Hauptstandort Holt als auch an unserem Teilstandort G\u00fcnhoven freuen wir uns \u00fcber jede Spende und finanzielle Unterst\u00fctzung. Die Spende kann \u00fcber Paypal oder direkt auf unser Spendenkonto erfolgen Vielen Dank im Namen unserer Kinder!<\/p>\n","protected":false},"author":1,"featured_media":618,"parent":0,"menu_order":0,"comment_status":"closed","ping_status":"closed","template":"","meta":{"pgc_sgb_lightbox_settings":"","footnotes":""},"class_list":["post-590","page","type-page","status-publish","has-post-thumbnail","hentry"],"_links":{"self":[{"href":"https:\/\/www.kgsfv.de\/index.php?rest_route=\/wp\/v2\/pages\/590","targetHints":{"allow":["GET"]}}],"collection":[{"href":"https:\/\/www.kgsfv.de\/index.php?rest_route=\/wp\/v2\/pages"}],"about":[{"href":"https:\/\/www.kgsfv.de\/index.php?rest_route=\/wp\/v2\/types\/page"}],"author":[{"embeddable":true,"href":"https:\/\/www.kgsfv.de\/index.php?rest_route=\/wp\/v2\/users\/1"}],"replies":[{"embeddable":true,"href":"https:\/\/www.kgsfv.de\/index.php?rest_route=%2Fwp%2Fv2%2Fcomments&post=590"}],"version-history":[{"count":9,"href":"https:\/\/www.kgsfv.de\/index.php?rest_route=\/wp\/v2\/pages\/590\/revisions"}],"predecessor-version":[{"id":625,"href":"https:\/\/www.kgsfv.de\/index.php?rest_route=\/wp\/v2\/pages\/590\/revisions\/625"}],"wp:featuredmedia":[{"embeddable":true,"href":"https:\/\/www.kgsfv.de\/index.php?rest_route=\/wp\/v2\/media\/618"}],"wp:attachment":[{"href":"https:\/\/www.kgsfv.de\/index.php?rest_route=%2Fwp%2Fv2%2Fmedia&parent=590"}],"curies":[{"name":"wp","href":"https:\/\/api.w.org\/{rel}","templated":true}]}}